6 + -5 + (-12 + 8 - -6)?
-9
-1 + 13 - (-120 + 141) - 5
-14
Evaluate (-88 - -88) + 0 + 3 - 9.
-6
Calculate 23 - (18 - (14 - 10)).
9
What is -58 + 0 + (1004 - 965)?
-19
What is 9 + (2 - (2 - (-9 + 10))) - 41?
-31
-12 + (-27 - -45) + 0 + 6 + -1
11
What is (10 - -1) + (550 - 558)?
3
Calculate 11 + -2 + (18 - 1).
26
Calculate 1 + -4 - (10 + 4 + -9 + 1).
-9
(-1 + -1 - 0) + (-11 + 29 - 12)
4
What is (-1 + (-1 - -2) - 0) + -469 + 472?
3
What is the value of 3 + -6 + -1 - ((7 - 12) + 4)?
-3
Evaluate (-1215 - -1227) + (1 - 29).
-16
Calculate -24 - (-53 + 31) - -8.
6
97 - 83 - (-9 - -1) - 6
16
What is the value of (7 + (-1 - 14) - -22) + 16?
30
What is -2 + 17 + (-4 - -2)?
13
What is the value of (-14 - (14 - (33 - 13))) + (-4 - -1)?
-11
What is 5 + -13 + -1 + 5 - 4?
-8
What is -62 - -44 - (-10 - -3 - 3)?
-8
Evaluate (1132 - 1122) + 0 + (1 - 0).
11
What is 9 + -15 - (-31 - -24 - (-1 + 8))?
8
Calculate (0 + 2 - (-14 + 3 + 6)) + 9.
16
What is the value of 0 + -3 - (27 + -47) - (25 - 26)?
18
Evaluate 16 - (-2 + 18 - 3).
3
What is the value of -17 + 16 - (14 - 16)?
1
Evaluate (-1 - -7) + (296 - 295).
7
What is the value of -1 - 54 - (-20 + -15)?
-20
Evaluate -47 - (-37 + -13) - (-2 - (1 - -11)).
17
What is the value of -4 - (5 - 15) - 21?
-15
Calculate 4 + 10 + -8 + 0 + -1.
5
-3 + (0 - 2) + 1 - (-1231 + 1221)
6
35 + (-58 - -26) - (1 + 2)
0
What is the value of (16 - -4 - 0) + 3 - (186 + -198)?
35
What is 27 + (2 - 16) - 29?
-16
What is 0 - (-15 + 1) - (-3 - -1)?
16
(2 + 0 - -3) + (3 - 71 - -41)
-22
What is the value of 4 + (13 - (-7 + 31))?
-7
Evaluate (24 + -81 - -44) + -3 + 6.
-10
Calculate 15 + 12 + (-15 - (18 - 6)).
0
Calculate (-3 - (-14 + -1)) + -17 - (-4 - 3).
2
Evaluate -2 - (-5 + -4) - (6 - 8).
9
-18 - (-15 - (23 - 31))
-11
What is 7 + (-38 - -6) + 0?
-25
Calculate (7 - 9) + -10 + 1 - 5.
-16
Evaluate -20 - ((-9 - 11 - (0 - 9)) + 9).
-18
What is the value of 12 - (4 + 18) - (-2 + 4)?
-12
What is the value of -6 - (-3 + (8 - 6 - (-3 - 1)))?
-9
Calculate 9 - (3 - -21 - -10).
-25
What is -54 + 47 - (1 - (12 + 1))?
5
4 - (-1 + 4) - (14 - (3 + 0))
-10
-16 - -1 - (-14 + 17 - (5 - -4))
-9
Calculate 3 + 0 + -2 + (24 - 25).
0
Calculate -12 + 16 + 5 - -3.
12
-4 + (7 + -6 + -1 - 9)
-13
Calculate -14 + (-8 - -3 - 0) + 13 - -13.
7
What is -10 - (-10 + 3 + 5) - (-1 - -3)?
-10
What is (-1 - 34) + (1566 - 1563)?
-32
What is (-60 - -74) + -4 + (-7 - -23)?
26
(14 - 1) + -11 + -12 + -1 - 4
-15
(5 - -50) + (79 - 116)
18
(-4 - (-5 - -9 - -2 - 9)) + 7
6
(-16 - (-6 - 14)) + 1 + 8
13
Evaluate 1 - (-3 + (-9 - -10) + -1).
4
-3 + -1 + -3 - (3 + -8)
-2
What is the value of (9 - 15) + -2 + (-5 - -11) - -6?
4
What is -1 - ((2 - (-2 + 20)) + (25 - 20))?
10
(2 + -13 - -17) + (-8 - 0)
-2
Evaluate 9 + -1 - -2 - ((3 - 12) + 11).
8
What is 3 - 8 - ((-3 - (-1 - 6)) + -16)?
7
Evaluate 19 - (-4 - 15 - -31).
7
What is the value of (6 - (-4 - -22)) + (21 - 42)?
-33
What is -40 - (-29 + 28 + -17)?
-22
What is (22 - (-5 + 7)) + -13?
7
-15 + 6 - (-2 + -2 + 13 + -10)
-8
Evaluate 7 + -4 - 7 - 3.
-7
23 - (-11 + 9 + 5)
20
Calculate -1 + -7 + 4 + 5.
1
What is the value of -3 - (12 - (7 + 7))?
-1
What is the value of 8 - (3 + -2 + -7)?
14
What is (4 - -11) + (-53 - -54)?
16
Evaluate 9 - 21 - (-10 - -5 - 2).
-5
Evaluate 3 - (12 - 2) - (0 + -27 + 10).
10
What is 828 + -835 + (0 - -28)?
21
Evaluate -3 - ((-1 + 9 - 4) + -8) - 10.
-9
-26 - (-7 - -21) - -13
-27
Calculate 1 - 0 - (-8 + 11 - (-9 - 3)).
-14
Calculate (9 - 18 - -18) + -31 + (-7 - -1).
-28
Calculate -6 + 5 + 3 + -29 + (6 - -2).
-19
What is the value of -22 + -1 + 6 + 19?
2
Calculate (-1 - 0 - 8) + -2 + -10 + 5.
-16
-87 + 115 + (-48 - 0)
-20
What is the value of (1 - -6) + (-4 - 3) + -5?
-5
What is 16 - (29 - (-14 - -41))?
14
What is the value of 5 - (-11 - (2 + -13 + 7))?
12
Evaluate 24 - (52 - (-5 + 34)).
1
Calculate -12 + (8 - -11 - (0 - -11)).
-4
-7 + 19 + 5 + 4
21
What is the value of (-5 - 3) + (-6 - (-8 + 3)) + 7?
-2
Calculate -5 + (15 - 22) + 1.
-11
What is 9 + (12 - 4 - 11)?
6
Calculate 1 + -5 + (7 - (16 - 8)) + -4.
-9
Evaluate -31 + 28 - (-2 + -6).
5
-46 - (-30 + 40 + (-1 + -3 - 16))
-36
What is -9 - (-12 + 8 - 4 - (0 + -1))?
-2
Calculate 304 - 308 - (3 - (-1 - 0)).
-8
Evaluate -7 - (1 - 3) - 4.
-9
What is (-10 - -29 - 10) + -7?
2
Evaluate (5 + 6 - 3) + (-13 - -12).
7
-15 + 10 - (2 + (4 + -5 - -2))
-8
What is 11 + 4 + -2 + (1 - (1 - -3))?
10
Evaluate -36 + 18 + (-29 - -38).
-9
-37 + (31 - 3) + 49
40
Evaluate -3 + -3 + 10 + -9 + 6.
1
What is -19 - -34 - 7 - (1 + 1 + -2)?
8
Calculate -2 + 1 + -8 + 5.
-4
Calculate -14 - (-13 + (-2 - 14)).
15
What is (-9 - (3 + -9)) + -1?
-4
Evaluate ((-7 - -16) + -3 - 10) + (2 - 6).
-8
Calculate 0 + 14 - (469 - 464) - (39 + -1).
-29
What is -1 - (-6 + -4 + 19 + -1)?
-9
What is -5 + (5 + 20 - 28)?
-8
What is the value of (11 - -7 - 14) + -3?
1
What is the value of -1 + 12 + -13 - -3?
1
What is the value of -8 + 2 + -204 + 195?
-15
Calculate 99 + -104 + (-2 - (-2 + 3)) + 25.
17
Evaluate (21 - -14 - 23) + 2 + (2 - -1).
17
What is the value of (-9 - (13 + -5 + 1)) + 51?
33
What is the value of 0 + 19 - 13 - (-2 + 0 - 2)?
10
Calculate (-10 - 6) + (-50 - -60).
-6
What is (-12 - -5) + 11 + 0 - 0?
4
0 + -3 - (-176 - -178) - (-5 + -2)
2
Evaluate (2 - (1 + -3)) + -1 + 9 - -7.
19
-5 - ((6 - 13) + -3)
5
-7 - (0 + 2) - (18 - (4 - -18))
-5
What is 13 + -58 - (-32 - -11)?
-24
What is 7 + (2 - 13) - 5?
-9
What is the value of -7 + 1 + 6 + (5 - 12) + -8?
-15
What is the value of -70 + -6 + 32 + 8?
-36
Evaluate -6 + 19 - (9 + 4).
0
(-40 - -11) + (-7 - (-6 + -5))
-25
Evaluate (19 - 9) + -24 - 5.
-19
Evaluate -43 - (13 + -14 - 16) - (0 + -4).
-22
Calculate -56 + 41 + (7 + -3 - 0).
-11
(1 + 3 - -8 - 18) + (16 - 3)
7
-21 - (28 + -33) - -20
4
What is -7 + (-1 - -38) - 0 - 10?
20
What is 2 + (-39 - -5) - -35?
3
What is (-5 - -6 - 12) + -1 + (3 - 3)?
-12
0 + 1 + -22 + 6 + -3 - -8
-10
(3 - 1) + -9 - -5
-2
What is the value of (3 + 0 + 9 + -16 - 1) + -1?
-6
What is -27 - 0 - (-566 - -542)?
-3
What is -10 - (4 + -9) - 9?
-14
37 - (-19 - (-28 + (0 - 2)))
26
-151 - -153 - (10 + -1)
-7
What is the value of 1 + (-3 - -10) - (-6 - (1 + -18))?
-3
Calculate -4 + 0 + 9 + -9 + -12 + 2.
-14
What is the value of (31 + -7 - 26) + 2 + -12?
-12
Evaluate -6 + -7 + (-4 - -9) + 12.
4
What is -17 + (8 + 7 - 7) + -1?
-10
Evaluate (-1 - -6) + (-16 - 35) + 60.
14
Calculate 8 - (17 + -10 + -2).
3
Calculate -29 + 11 + (0 - 3) + 34.
13
262 - 262 - (3 + (-3 - -3))
-3
-1 - (-8 - -5) - (6 - 2)
-2
What is (-29 + 4 - -8) + (4 + 2 - 2)?
-13
Evaluate 0 + (-2 - 3) - (0 - -1 - -1).
-7
Evaluate ((-4 - -8 - 0) + 2 - -6) + -1.
11
What is 2 + -1 - (-47 - -39) - 17?
-8
(2 + -2 - 16) + (-895 - -911)
0
Evaluate -37 - (-14 + 9) - -21.
-11
What is the value of 7 + (-18 - -5 - -28)?
22
(-5 + 5 - 10) + (28 - 17)
1
Calculate (-8 - 0) + 20 + -25 + -6 + 2.
-17
1 - -36 - (-1 - (19 - -3 - 29))
31
Evaluate 1 + (5 - 1) - (-1680 - -1677).
8
-2 + (7 - 5 - (5 - 3 - 7))
5
What is the value of 29 + 54 + -93 - (1 + 15)?
-26
17 + 4 + -24 + 10
7
-8 + 2 + -26 + 9 + 11
-12
What is -3 - -3 - 2 - (-1 - 2) - 7?
-6
What is the value of (-30 - -26) + (4 - -2) - (-2 + -2)?
6
Evaluate 0 + -12 - (-276 + 274).
-10
5 + (-4 - 5) - (-1 - 18)
15
What is the value of -3 + -1 - (-11 + 32 + -9)?
-16
What is 249 - 261 - (4 + -16)?
0
Evaluate (1 - (1 + 0) - -6) + 607 + -608.
5
What is the value of (0 + -9 - (43 - 64)) + -17 - -1?
-4
What is the value of 1 - 9 - (-262 - -253)?
1
Evaluate -19 - (5 - (45 - 15)).
6
What is the value of -32 + (71 + -25 - 27)?
-13
20 - (12 + (23 - 4))
-11
What is -44 + 42 - (-32 - -3)?
27
Evaluate (8 - (-13 - -6)) + -18.
-3
0 + 10 - (26 + 2 - -3)
-21
What is the value of 11 + -13 + 8 + (-4 - -3) + -21?
-16
What is 16 + -6 + 7 + -31?
-14
Calculate (-2 - -1 - (2 - 6)) + 569 + -584.
-12
What is 1 + 0 + -11 + 12?
2
What is (6 + (27 - -4) - (-23 - -27)) + -10?
23
What is the value of -16 - -5 - (-38 + 39 + (1 - 8))?
-5
What is the value of 12 + (3 + -1 - -9) + -8?
15
8 + 8 - (20 + (-5 - -9))
-8
Calculate -5 + (3 - (-4 + -4 + 3)).
3
-15 + (-6 + 3 - (16 + -14)) + 6
-14
Calculate (44 - (-31 + 75)) + (0 - 2).
-2
What is the value of -160 + 159 + 11 + (0 - 2)?
8
What is the value of (5 - 3) + -7 + (-128 - -117)?
-16
What is -28 - (3 + -18 + -11)?
-2
Evaluate -24 + (-10 + 31 - -14).
11
W